actors of -4*1 + (3118 - 1)/3?
3, 5, 23
Let o(b) = -b + 4. Let y be o(-3). Let k(h) = h - 5. Let i be k(y). Suppose 5*m = -p + 47, p + 2*m - 46 = -i*m. List the prime factors of p.
2, 3, 7
Let m be (-32)/(-14) - 4/14. Suppose -3*i = -9, -i + 0*i = 5*v - 88. What are the prime factors of -2*(-3 + m) + v?
19
Let m = -433 - -1407. List the prime factors of m.
2, 487
Suppose 7*x - 22 = -1. Suppose 184 = x*t - 29. List the prime factors of t.
71
Suppose -3*q = -3*k - 11496, -q = 5*k - 2861 - 1001. List the prime factors of q.
3, 1279
Let h(t) = -652*t - 253. List the prime factors of h(-5).
31, 97
Suppose -20 + 32 = 4*u. List the prime factors of -4 + 10*(u + (-266)/(-10)).
2, 73
Let t(j) = -21*j + 35. List the prime factors of t(-16).
7, 53
Let r(a) = -294*a - 3. List the prime factors of r(-1).
3, 97
Let z = -16 + -10. Let y = 22 + z. List the prime factors of 13/(-26) + (-90)/y.
2, 11
Suppose 0 = -7*c + 6*c. Let j = 0 + c. Suppose -x - 7 + 36 = j. List the prime factors of x.
29
Let m(v) = -803*v**3 + 4*v + 4. List the prime factors of m(-1).
11, 73
Let h(p) = p**3 - 11*p**2 + 1. Let n be h(11). Let t = n + 10. Suppose 40 = j + 2*w, j + 3*w - 32 = t. What are the prime factors of j?
2, 17
Let q(r) = r - 4. Let d be q(7). Suppose -2*v = d*v - 325. List the prime factors of v.
5, 13
Let v = 11 - 14. Let w be -1*(v/(-1) - 2). List the prime factors of (4 - (-3 - 34)) + w.
2, 5
Let x be 3*-2*1/2. Let u(s) = s**3 + 23*s**2 + 44*s + 50. Let c be u(-21). Let t = x + c. What are the prime factors of t?
5
Suppose k = 4*p - 0*k - 8, p + 5*k + 19 = 0. Let n = p - -2. Suppose g = n*y - 11, g = -g + 2. List the prime factors of y.
2
Suppose 2*j - 4*j + 76 = 0. Let f be (1 + -4)/(21/14). List the prime factors of j/4 + (-1)/f.
2, 5
Let p be (46/3)/(0 + 3/9). Let j = 75 - p. List the prime factors of j.
29
Let s = -477 + -2. Let y = s - -685. List the prime factors of y.
2, 103
Let t = 835 + -795. What are the prime factors of t?
2, 5
Suppose -12 = 6*f - 9*f. Let g(m) = 2*m**2 - 6. What are the prime factors of g(f)?
2, 13
Let d(w) = 28*w**3 - 1. Let z be (-348)/(-90) + (-6)/(-45). Suppose -3*n - z*m = 2*n - 13, 3*n - 5*m = -7. What are the prime factors of d(n)?
3
Let h(r) = -40*r + 10*r - 25*r**2 - r**3 - 18 + 27. What are the prime factors of h(-24)?
3, 17
Suppose -5*l + 370 = 5*r, 2*r - 2*l = 7*r - 370. Let t = -42 + r. List the prime factors of t.
2
Let f(t) = 4*t**3 - 23*t**2 - 5*t + 12. Let a(n) = -3*n**3 - n + 4*n**3 + 3 - 6*n**2 + 0. Let h(v) = 9*a(v) - 2*f(v). List the prime factors of h(8).
11
What are the prime factors of (-189)/78*-28 - (-8)/52?
2, 17
Let a(d) be the second derivative of -1/20*d**5 + 8*d - 11/2*d**2 + 0 - 1/2*d**3 + 5/6*d**4. What are the prime factors of a(9)?
43
Let d(m) = m**3 - 5*m**2 - m + 11. Let f be d(5). Suppose -f*g - 118 = -8*g. List the prime factors of g.
59
Suppose 12*c - 1307 = -443. Suppose 0 = 73*f - c*f - 133. What are the prime factors of f?
7, 19
Let x(s) = -122*s - 55. List the prime factors of x(-4).
433
Let s be ((-48)/20)/(1/(-5)). Suppose 62 = d - 2*t, 4 = 4*t + s. Let o = d + -24. List the prime factors of o.
2, 17
Let t(c) = -2*c**3 - 4*c**2 - 4*c - 28. List the prime factors of t(-4).
2, 13
Let r(f) = f**2 + 16*f - 6. Let x be r(-15). List the prime factors of 15/4 - x/(-28).
3
Suppose 0*d - 9 = d. Let k be (-42)/d*12/14. Suppose -k*b = b - 120. List the prime factors of b.
2, 3
Let k = -31 - -45. Suppose -11 = -5*o + k. Suppose -o*u = -u - 132. List the prime factors of u.
3, 11
Suppose 24 = -3*p + 66. Let k = -137 - -141. Let a = k + p. List the prime factors of a.
2, 3
What are the prime factors of ((-18)/8)/(21/(-3136))?
2, 3, 7
Let j be 9/21 - (-1058)/14. Suppose -3*x + 2*x + j = 0. List the prime factors of x.
2, 19
Suppose 6 = -3*l - 3*u, 0*u - 20 = 5*u. Let s = 16 - 9. Let n = l + s. What are the prime factors of n?
3
Suppose -2*l + 3*l = -5*o + 4618, 0 = 3*o. What are the prime factors of l?
2, 2309
Let q = 432 - 35. List the prime factors of q.
397
Let k = 306 + -178. Suppose v + 24 = k. What are the prime factors of v?
2, 13
Let a = -11 + 14. Suppose 32 = a*o - 2*o. Suppose 5*g - 68 = o. List the prime factors of g.
2, 5
List the prime factors of ((-2)/((-6)/(-121)))/(18/(-378)).
7, 11
Let s(f) = -f**2 + 68*f - 108. List the prime factors of s(46).
2, 113
Let z(p) = p + 45. Let s be z(-12). Let d be (-168)/(-3) + 2/(-2). Let h = d - s. What are the prime factors of h?
2, 11
Let o be (1/(-2))/(9/(-108)). Suppose -2*b = 5*c - 292, b - 156 = -o*c + c. Suppose -5*q = -19 - b. What are the prime factors of q?
31
Let i be 4/(-1 + (-15)/(-9)). Let w be (-165)/i - 1/2. List the prime factors of -3 - w*(-1 + 2).
5
Suppose -36*q + 144378 = 4842. List the prime factors of q.
2, 3, 17, 19
Let v(r) = -2*r**3 - 5*r**2 + 4*r. Suppose -3*a = 2*a - 95. Suppose -3*y + a = -u, 0 = -3*u + 4*y - 6 - 26. What are the prime factors of v(u)?
2
List the prime factors of ((-5820)/(-18))/10*3.
97
Suppose 3*b - 22 = 44. List the prime factors of b.
2, 11
Suppose -v - 27 = -4*a, 21 = 2*a + 2*v - 5*v. Let w(h) = h**2 - 5*h - 2. Let g be w(a). What are the prime factors of (408/(-30))/(g/(-10))?
2, 17
Let u(w) be the third derivative of -w**4/8 - w**3 - w**2. Let m be (4/6)/((-1)/9). List the prime factors of u(m).
2, 3
Let d(z) = -z**2 + 18*z - 3. What are the prime factors of d(12)?
3, 23
Let m(v) = 3*v - 4. Let b be m(5). Let j(y) = -79*y**3 + 16 - 76*y**3 - 11*y**2 + 2*y + 156*y**3. What are the prime factors of j(b)?
2, 19
Suppose -5*c - 1 + 11 = 0. List the prime factors of (1 + c - 2 - -13)*6.
2, 3, 7
What are the prime factors of 1187*(10 + -4)*5/15?
2, 1187
Let u be ((-2)/3)/(4/(-30)). Let d(c) = -c**2 + 4*c + 12. Let r be d(u). Let v(i) = i**3 - 7*i**2 + 7*i - 5. What are the prime factors of v(r)?
2, 11
Let l(k) be the third derivative of -k**6/120 - 13*k**5/60 - k**4/4 + 19*k**3/6 - 16*k**2. List the prime factors of l(-13).
97
Let v(y) = -y**3 - 8*y**2 - y. Let d be v(-8). Let o(j) = j**2 + 622 + 2*j - 7*j - 613. What are the prime factors of o(d)?
3, 11
Let w be 22/55 + 184/(-10). What are the prime factors of (w/(-2))/((-15)/(-105))?
3, 7
Let p(d) = 2*d**2 + 3*d - 2. Let k be p(-3). Let c = k + -9. What are the prime factors of c/(-7) + (-267)/(-21)?
13
Suppose 904 = y - 2*x - 100, -y + x + 1000 = 0. List the prime factors of y.
2, 3, 83
Let z = -4 - -9. Let d be (2/z)/(1/30). List the prime factors of (30/(-4))/(-5)*d.
2, 3
Suppose 88 + 416 = 2*r. What are the prime factors of r?
2, 3, 7
Let n be 3 + (-16)/(-12) + 1/(-3). Suppose -2*q - r + 76 = -5*r, -164 = -4*q - n*r. What are the prime factors of q?
2, 5
Let f = -5 - -5. What are the prime factors of 86 - 8 - (f - -4)?
2, 37
What are the prime factors of 3/12 - -22*740/32?
509
Let u(f) = f + 21. Suppose -5*t - 30 = -2*t. List the prime factors of u(t).
11
Let i be -7 + 2 - -1 - 59. Let p = -22 - i. Suppose -p = -8*j + 7*j. What are the prime factors of j?
41
Suppose 22*c - 21141 = -7*c. What are the prime factors of c?
3
Let c(n) = -n**3 + 5*n**2 + 7*n + 1. Let u be c(6). Suppose -u*y = -9*y + 20. Suppose 48 = -7*a + y*a. What are the prime factors of a?
2
Let v be (-481 - 1)*(-8)/16. Suppose -71 = -3*f + v. List the prime factors of f.
2, 13
Suppose -g = -4*k - 54, -5*g = k - 6*k - 60. Let v = -11 - k. Suppose -7*x = -v*x - 20. What are the prime factors of x?
5
Suppose -183*v + 4124 = -179*v. List the prime factors of v.
1031
Suppose 0 = -5*g - 0*g + 5. Suppose 0 = -2*u + 4*u + 2*x - 16, -u - g = -2*x. What are the prime factors of u?
5
Let n(h) = -69*h - 38. What are the prime factors of n(-14)?
2, 29
Suppose u - 862 = -5*r, -6*u = -r - 10*u + 161. What are the prime factors of r?
173
Let f(w) = -w**3 + w**2 - w + 22. Suppose 2*y = -3*y. Let u be f(y). Suppose -l = -u - 9. List the prime factors of l.
31
Let l = -1532 + 2259. List the prime factors of l.
727
Let a(s) = -s**3 + 11*s**2 + 16*s - 3. Let c be 0/14 + 4*3. Let q be a(c). Let b = q + 4. What are the prime factors of b?
7
Let s be (-2)/((-1155)/(-579) - 2). Let m = s + -245. What are the prime factors of m?
3, 47
Let g(c) = c**3 - 7*c**2 + 9*c - 15. List the prime factors of g(6).
3
Let v(y) = -y + 10. Let f be v(6). Suppose r - 2 - f = 0. Suppose 3*a - r*a + 78 = 0. What are the prime f